e r(0). Let x(c) = c**2 + 6*c - 15. What is x(t)?
1
Let b(d) = -d**2 + 13*d + 1. Let p be b(13). Let f(a) = p + 7 - a**2 - 8 - 5*a - 1. What is f(-3)?
5
Let c(u) = -2*u + 2. Let r be c(-3). Let w be (-6)/15 - r/(-20). Let n(d) = -2*d**2 + d**3 + 3 - 4 + 3*d**2 + 2. Determine n(w).
1
Let u(p) = -p**2 - p - 6. Let r = -29 - -32. Suppose j = 4*l + 14, -j - 2*l - 7 + r = 0. Suppose -5*h - 8 = j*y, -2*h + 4*y = -h - 16. Determine u(h).
-6
Let k(q) = -40*q - 5 - 2 - 1 + 44*q + 1. Give k(-8).
-39
Let s(t) be the second derivative of t**5/120 + 7*t**4/24 - t**3/3 + t. Let n(z) be the second derivative of s(z). Let x = 79 + -84. Determine n(x).
2
Suppose -9 - 51 = -10*w. Suppose 1 = w*n + 31. Let s(f) = f**3 + 4*f**2 - 5*f + 5. Calculate s(n).
5
Suppose 3 = 9*c - 267. Suppose 5*w + 5*m = -5, -5*w + 0*w + 2*m = -c. Let r(s) be the first derivative of -s**4/4 + 4*s**3/3 - s**2 + s + 2. Determine r(w).
-7
Let o(n) = -3*n**2 - n + 3. Suppose -214 = 5*d + b - 66, 4*b = 4*d + 104. Let l = d - -26. What is o(l)?
-21
Let i(q) be the third derivative of -q**4/24 + 2*q**3/3 - 16*q**2. Let o(h) = 6*h - 1 - 4 - 4*h. Let d be o(4). Give i(d).
1
Let b = -9 + 17. Let d(n) = -b*n**2 + 9*n**2 - 7*n + 5 + 2*n. What is d(4)?
1
Suppose 38 = 5*m + 8. Let v be 3/(-2)*m/(-9). Let l(t) = 2*t**3 - 2*t**2 + 6*t + 3. Let g(u) = 3*u**3 - 2*u**2 + 7*u + 4. Let z(q) = 4*g(q) - 5*l(q). Give z(v).
3
Let t(y) = -y**3 - 14*y**2 - y - 5. Let u be t(-14). Suppose -2*a + u - 1 = 0. Let z(o) = -o + 0 - o**2 + 4 + 4*o. Determine z(a).
0
Let i(m) = -m**3 - 25*m**2 - m - 32. Suppose -3*u + l - 70 = 0, 0 = -3*l - 4 - 11. Determine i(u).
-7
Let r(i) = 23*i**3 + 18*i**3 - 66*i**3 + 32*i**3 + 3 - 2. What is r(-1)?
-6
Let b(w) = w**3 - 4*w**2 - 5*w + 7. Let q = -552 + 557. What is b(q)?
7
Let k(z) = -z**3 + 3*z**2 + 4*z - 5. Suppose 4*y = y + s + 14, 3*s = -2*y + 13. Suppose -32 = -5*d + 3*b - 7*b, y*d + b - 23 = 0. Calculate k(d).
-5
Let p = -12 + 24. Let g(t) = -8 + p - 4 + t - 3. Determine g(4).
1
Let s(t) = -t**3 - t**2 + 3*t - 2. Let l be ((-77)/21)/((-1)/3). Let g = l + -18. Let o = -10 - g. Determine s(o).
7
Let r(x) be the third derivative of -x**4/24 + x**3/2 + 2*x**2 - 10. Suppose -p + 5*i - 7 = 0, 0*p + 2*i = 2*p - 2. Give r(p).
0
Let u(b) = 0 - 5 + 4*b + 4. Let g(l) = -l**2 - 23*l - 74. Let f be g(-19). Give u(f).
7
Let w(x) = -x**3 + 9*x**2 + 9*x + 13. Let z be w(10). Let g(q) = 9*q - 17. Let r(f) = -2*f + 4. Let j(k) = 6*g(k) + 26*r(k). Give j(z).
8
Let m(k) = -k**3 + 6*k**2 + 5*k + 2. Let c(o) = -2*o**3 + 12*o**2 + 8*o + 4. Let q(l) = -3*c(l) + 5*m(l). Suppose 6*h = 11*h - 30. Give q(h).
4
Let g(i) = i - 17. Let k be g(18). Let m(x) = 2*x**2 - 9*x**2 + 7*x**2 - 1 + 4*x**2. Calculate m(k).
3
Let b(l) be the first derivative of 1/12*l**5 + 0*l**4 - 1/120*l**6 + 7/2*l**2 - 5 + 0*l + 1/3*l**3. Let s(y) be the second derivative of b(y). Determine s(5).
2
Let b be -7*90/(-189) - 2/6. Suppose -2*t + 4 = -4*y, -15 = b*y - 5*t + 2. Let c(o) = 11*o**3 + o**2 - 2*o + 1. What is c(y)?
11
Let r(q) = -3*q**2 + 15*q - 10. Let x(b) = 11*b**2 - 47*b + 31. Let l(v) = -7*r(v) - 2*x(v). What is l(-11)?
8
Suppose 6*x - 2*x = 8. Suppose -x*n = 5*i, -i = -5*n - 0*i. Let l(t) = -t + 8. Determine l(n).
8
Let a(m) = m**2 - m + 2. Let j be (90 + -95)*((-8)/(-5) - 1). What is a(j)?
14
Let y(a) be the first derivative of -5*a**3/3 - a**2/2 + 55. Give y(1).
-6
Suppose q + 2 = 3*m, -5*q + 0*m - 10 = 5*m. Let v(r) = 5*r**2 - r - 2. Calculate v(q).
20
Suppose 19*u - 54 = 10*u. Let i(h) = h**3 - 7*h**2 - 2*h - 4. What is i(u)?
-52
Suppose -3*f + f = -4. Let c be f/(-11) - 485/55. Let k(q) = q**2 + 9*q + 7. Let v be k(c). Let g(m) = m**3 - 6*m**2 - 5*m - 9. What is g(v)?
5
Let x(l) = -3*l + 2*l - 3 - l + 2. Let t be x(2). Let v(k) = -2 + k + 3*k + k**2 + 3. Calculate v(t).
6
Suppose 2*d - 15 = -d. Let z(l) = 2*l + l**2 - 3 - 2 - 6*l. Give z(d).
0
Let j(y) be the second derivative of y**3/6 - 7*y**2 - 195*y. Determine j(20).
6
Let y(n) = n**2 + 8*n - 3. Let w = 14 + -17. Let o be (w - (-21)/6)*-8. Give y(o).
-19
Let c(a) = a - 268 + 93 + 90 + 95. Calculate c(-9).
1
Let t(z) be the first derivative of -z**5/40 - z**4/4 - z**3 - 2. Let p(f) be the third derivative of t(f). What is p(-6)?
12
Let p = -20 + 23. Let v(o) = -p*o + 0*o + 0 - 3. What is v(-2)?
3
Let i(t) = -136*t + 135*t - 3 - 8. Let m be i(-6). Let d(f) be the third derivative of -f**5/60 - f**4/4 + 7*f**3/6 + f**2. Determine d(m).
12
Let k(c) = c**3 - c + 11. Let b(a) = a**2 + 24*a. Let i be b(-24). What is k(i)?
11
Let c(a) = -2*a**2 + 1. Let d(f) = 9*f**2 - f - 6. Let t(k) = -4*c(k) - d(k). Let s be 3 - (3 + 0 + -2). Suppose -4*b = -j - s*b - 8, -b = -3. Give t(j).
-4
Let k(g) = -g. Suppose 34 = -3*v - 122. Let x = v - -58. Calculate k(x).
-6
Let b(o) = 7*o**3 - 2*o**2 + 5*o + 6. Let p(f) = -2*f**3 + 2*f**2 - f - 1. Let q(w) = b(w) + 3*p(w). What is q(-4)?
-5
Let j be (10 + -7)/(6/4). Suppose j*v = -5*z + 48, z + z + 2*v - 24 = 0. Suppose 10 = 2*k + z. Let u(s) = -5*s**3 + 2*s**2 - s. What is u(k)?
-4
Let o(z) be the third derivative of -z**4/12 + 7*z**3/6 + 3865*z**2. Let f = 5 - 0. What is o(f)?
-3
Let r(q) = -q - 3. Suppose -31*x + 66 = -9*x. Calculate r(x).
-6
Let x(g) = 5*g**2 + 5*g + 10. Let f(t) = 8 + 9*t**2 - 7 + 9*t + 6 + 12. Let s(q) = -6*f(q) + 11*x(q). Suppose -13*w - 8 = -15*w. What is s(w)?
16
Let j be 825/121 - (-4)/22. Suppose j*q - 2 = -9. Let p(o) = 1. Let l(f) = f**2 - 4*f - 7. Let m(v) = q*l(v) - 3*p(v). Give m(5).
-1
Let d(m) be the second derivative of m**3/6 - 11*m**2/2 + 122*m. Give d(15).
4
Let m(b) be the third derivative of b**6/120 - b**5/12 - b**4/4 + 2*b**3/3 + 40*b**2 + 2. Calculate m(6).
4
Let w(r) = r - 1. Suppose 0 = 5*d + 287 - 62. Let x be 12/(-90) + (-6)/d. Let p(b) = b + 6. Let c be p(x). Give w(c).
5
Let f(p) = -4*p - 7 - 8 + 22 - 6. Give f(4).
-15
Suppose -7*w + 2*g + 2 = -3*w, -5*w - 2*g = -7. Let r be 4 + (1 + w - 2). Let n(l) = 5 - 4 + r - l. What is n(0)?
5
Let g(r) = -r**3 + 4*r**2 + 7*r - 3. Let y be ((-30)/(-8))/((-3)/(-4)). Give g(y).
7
Let v(d) = 6*d + 5. Let g(a) = -6*a - 5. Let f(r) = -5*g(r) - 6*v(r). Give f(-2).
7
Let q(v) = -v**2 + 4*v - 1. Suppose 75 = 2*n + 65. Determine q(n).
-6
Let p(m) = -5*m**2 + 39*m - 20. Let z(r) = -r**2 + 10*r - 5. Let t(n) = -2*p(n) + 9*z(n). What is t(-10)?
-25
Let d(p) = -p**2 + 33*p - 5 + 40*p - 112*p + 32*p. Let k(t) = -t**3 - 8*t**2 - 7*t - 4. Let o be k(-7). Calculate d(o).
7
Suppose q + 4 + 0 = o, -3*o - 5*q = -12. Let a(s) = 3*s + o*s - 7*s - s - 5. Give a(-4).
-1
Let p(c) = -4*c + 1. Let b = 84 + -129. Let a be 2/(-15) + 39/b. What is p(a)?
5
Let b(q) = -q**2 - 6*q - 5. Let j be b(-5). Let c(u) = -u + 141 - 247 + 107. Calculate c(j).
1
Let l(y) = -10*y**2 + 1. Let d be l(1). Let r = 15 + d. Let p(i) = i**2 - i + 1. Let z(n) = n**3 - 13*n**2 + 11*n. Let b(o) = r*p(o) + z(o). Determine b(6).
0
Let m(n) = -n - 14. Let r be m(-6). Let t = -1 - -3. Let q be (-16)/r*t/4. Let h(a) = -6*a + 1. Determine h(q).
-5
Let s(x) be the third derivative of x**6/120 - x**5/20 + x**4/8 + x**3/3 + 4*x**2 + 17*x. Suppose -4*k - 24 = -3*z - k, 0 = 3*z - 4*k - 29. Give s(z).
11
Suppose 31*m + 25 = 25. Let b(i) = -i**3 - i**2 - 3*i - 17. Determine b(m).
-17
Suppose 4*k - 5748 + 5780 = 0. Let f(q) = -q**2 - 9*q - 3. Calculate f(k).
5
Let w(c) = c + 1. Let v(g) = 11*g + 2. Let a(k) = -v(k) + 2*w(k). Let h = -50 - -7. Let u = -42 - h. Calculate a(u).
-9
Let l(r) be the third derivative of -1/24*r**4 - 3/2*r**3 + 8*r**2 + 0 + 0*r. Calculate l(-4).
-5
Let l(z) = z**3 - 5*z**2 - 5*z + 4. Let j(w) = -w**2 - 7*w + 6. Let i be j(-7). Let u be l(i). Suppose -11*s = -9*s - u. Let b(o) = o - 3. Give b(s).
2
Let y(f) = 1 - 2 + 3 + 3*f + f**2. Let a be y(-3). Let n(d) = 3*d - d**2 + 7*d**a - 4*d + 2*d. What is n(1)?
7
Let x(u) = -8*u**3 + u**2 + 8*u - 7. Let b(n) = -10*n**3 + 8*n - 8. Let h(g) = -3*b(g) + 4*x(g). Calculate h(3).
2
Let s(q) = 37*q**3 + q**2 - 3*q - 13. Let n(j) = -j**3 - j - 3. Let x(k) = -4*n(k) + s(k). Calculate x(1).
42
Let m = 8 - -1. Suppose 5*o - 11 = m. Suppose o*n - 1 - 15 = 0. Let f(i) = -i**3 + 5*i**2 - i - 1. Determine f(n).
11
Let d be (2/(-4))/(-5*6/(-60)). Let s = -2 + 4. Let r(q) = -s*q + 5*q - 1 - 2*q. Calculate r(d).
-2
Let j(f) = -14*f + 0*f + 20*f - 7*f - 9. What i